{"id":716,"date":"2023-04-26T20:32:41","date_gmt":"2023-04-26T18:32:41","guid":{"rendered":"https:\/\/haareszeiten-lounge.de\/?page_id=716"},"modified":"2025-11-17T09:57:45","modified_gmt":"2025-11-17T08:57:45","slug":"impressum","status":"publish","type":"page","link":"https:\/\/haareszeiten-lounge.de\/lounge\/impressum\/","title":{"rendered":"Impressum"},"content":{"rendered":"<p>ANGABEN GEM\u00c4SS \u00a7 18 MStV<br \/>\nHeike Hilbig<br \/>\nHaareszeiten Lounge<br \/>\nMartinstra\u00dfe 27<br \/>\n57462 Olpe<\/p>\n<p>UST ID: DE297844545<\/p>\n<p>KONTAKT<br \/>\nTelefon: 02761 \/ 9414797<br \/>\nE-Mail: hallo@haareszeiten-lounge.de<\/p>\n<p>AUFSICHTSBEH\u00d6RDE<br \/>\nHandwerkskammer S\u00fcdwestfalen<br \/>\nBr\u00fcckenpl. 1, 59821 Arnsberg<\/p>\n<p>https:\/\/www.hwk-swf.de<\/p>\n<p>Angaben zur Berufshaftpflichtversicherung<br \/>\nName und Sitz des Versicherers:<br \/>\nAXA Versicherung AG<br \/>\nPostfach 92 01 36<br \/>\n51151 K\u00f6ln<\/p>\n<p>GELTUNGSRAUM DER VERSICHERUNG:<br \/>\nDeutschland<\/p>\n<p>Inhaltlich Verantwortlicher gem\u00e4\u00df \u00a7 18 Abs. 2 MStV:<br \/>\nHaareszeiten Olpe Heike Hilbig<br \/>\nMartinstr. 27<br \/>\n57462 Olpe<\/p>\n<p>Wir sind nicht bereit oder verpflichtet, an Streitbeilegungsverfahren vor einer Verbraucherschlichtungsstelle teilzunehmen.<\/p>\n<p>Bildquellennachweis:<br \/>\n\u00a9 La Biosth\u00e9tique<br \/>\n\u00a9 BHBD<br \/>\n\u00a9 Goldwell<br \/>\n\u00a9 KAO<br \/>\n<a href=\"https:\/\/de.vecteezy.com\/fotos-kostenlos\/friseur\">Friseur Fotos auf Lager von Vecteezy<\/a><br \/>\n<a href=\"https:\/\/de.vecteezy.com\/fotos-kostenlos\/elegant\">Elegant Fotos auf Lager von Vecteezy<\/a><br \/>\n<a href=\"https:\/\/de.vecteezy.com\/fotos-kostenlos\/frau\">Frau Fotos auf Lager von Vecteezy<\/a><br \/>\n<a href=\"https:\/\/de.vecteezy.com\/\"> Fotos auf Lager von Vecteezy<\/a><br \/>\n\u00a9 MDK-MEDIADESIGN, Olpe<\/p>\n<p>Design und Programmierung Website<br \/>\n<a href=\"https:\/\/mdk-mediadesign.de\/\">MDK MEDIADESIGN &#8211; Werbeagentur in Olpe<\/a><\/p>\n","protected":false},"excerpt":{"rendered":"<p>ANGABEN GEM\u00c4SS \u00a7 18 MStV Heike Hilbig Haareszeiten Lounge Martinstra\u00dfe 27 57462 Olpe UST ID: DE297844545 KONTAKT Telefon: 02761 \/ 9414797 E-Mail: hallo@haareszeiten-lounge.de AUFSICHTSBEH\u00d6RDE Handwerkskammer S\u00fcdwestfalen Br\u00fcckenpl. 1, 59821 Arnsberg https:\/\/www.hwk-swf.de Angaben zur Berufshaftpflichtversicherung Name und Sitz des Versicherers: AXA Versicherung AG Postfach 92 01 36 51151 K\u00f6ln GELTUNGSRAUM DER VERSICHERUNG: Deutschland Inhaltlich Verantwortlicher gem\u00e4\u00df [&hellip;]<\/p>\n","protected":false},"author":4,"featured_media":0,"parent":0,"menu_order":0,"comment_status":"closed","ping_status":"closed","template":"","meta":{"_acf_changed":false,"footnotes":""},"class_list":["post-716","page","type-page","status-publish","hentry"],"acf":[],"_links":{"self":[{"href":"https:\/\/haareszeiten-lounge.de\/lounge\/wp-json\/wp\/v2\/pages\/716","targetHints":{"allow":["GET"]}}],"collection":[{"href":"https:\/\/haareszeiten-lounge.de\/lounge\/wp-json\/wp\/v2\/pages"}],"about":[{"href":"https:\/\/haareszeiten-lounge.de\/lounge\/wp-json\/wp\/v2\/types\/page"}],"author":[{"embeddable":true,"href":"https:\/\/haareszeiten-lounge.de\/lounge\/wp-json\/wp\/v2\/users\/4"}],"replies":[{"embeddable":true,"href":"https:\/\/haareszeiten-lounge.de\/lounge\/wp-json\/wp\/v2\/comments?post=716"}],"version-history":[{"count":16,"href":"https:\/\/haareszeiten-lounge.de\/lounge\/wp-json\/wp\/v2\/pages\/716\/revisions"}],"predecessor-version":[{"id":1228,"href":"https:\/\/haareszeiten-lounge.de\/lounge\/wp-json\/wp\/v2\/pages\/716\/revisions\/1228"}],"wp:attachment":[{"href":"https:\/\/haareszeiten-lounge.de\/lounge\/wp-json\/wp\/v2\/media?parent=716"}],"curies":[{"name":"wp","href":"https:\/\/api.w.org\/{rel}","templated":true}]}}